on factor of c and 84?
12
Let s be (2/(-3))/(4/(-30)). Suppose 3*b = 3*f - 9, s*b + 3 = f + 2*f. What is the greatest common factor of f and 15?
3
Let t = 48 - 64. Let z be 0 - -12*(1 + 0). Let x be (z/(-4) - t) + 3. What is the greatest common divisor of x and 112?
16
Let v = -68 - -96. Let o = -40 - -110. Suppose -3*b + o = -2*b. Calculate the greatest common factor of v and b.
14
Let c be (-3)/(-12)*-4*-2. Calculate the greatest common divisor of 64 and c.
2
Suppose -15 = -7*j + 6. Suppose 0 = -r - j*r + h + 39, -6 = r + 5*h. What is the greatest common divisor of 9 and r?
9
Let i(k) = -k**2 + 9*k - 5. Let l be i(8). Suppose l = 3*g - 3. Suppose -2*a = -g*h + 28, a - 5 = -4*a. What is the greatest common divisor of h and 30?
15
Let b be ((-6586)/111)/(6/(-153)). What is the greatest common factor of b and 34?
17
Let j = -10 + 3. Let i = j + 40. Calculate the highest common divisor of i and 264.
33
Let f(i) = -i**3 - i**2 + 27*i - 8. Let b be f(4). What is the highest common divisor of b and 380?
20
Suppose 6*v = 197 - 113. Calculate the highest common divisor of v and 133.
7
Let f be (-2)/(-10) + 266/95. Let i(x) = 8*x**2 - 4*x + 8. Let q be i(f). What is the highest common divisor of 4 and q?
4
Suppose 20 = z - 4*o, 5*z - 4*o - 7 = 13. Let l = 1 - z. Let t be (6/2)/((-1)/(-3)). Calculate the highest common factor of l and t.
1
Suppose 222 - 1278 = -22*z. Calculate the greatest common factor of z and 372.
12
Suppose -5*c - 29 = -2*v + 7, v = 5*c + 28. Suppose 4*q + 320 = 9*q. What is the greatest common factor of q and v?
8
Let f = -105 - -35. Let c = f + 50. Let g be (c/25)/((-2)/50). What is the highest common divisor of g and 160?
20
Let v(b) = b**3 + 6*b**2 + 2*b + 4. Let u be v(-5). Suppose -10 = -5*z, 0*z = -2*g - 4*z + 274. Calculate the greatest common factor of u and g.
19
Let b = -14 - -26. Suppose 2*f - 48 = -2*j, j - 120 = -5*f - 0*j. Let h = f - 6. What is the highest common factor of b and h?
6
Let t = 886 - 598. Calculate the greatest common factor of 6 and t.
6
Let q be (6 + 19/(-3))*-39 - 6. Calculate the greatest common factor of 98 and q.
7
Let r be (-42 - 2)/(3 + (7 - 12)). Let o be 2/(-12) - (-134)/12. What is the greatest common factor of r and o?
11
Let l = -361 - -368. Let r(x) = 7*x**2 - 5*x + 1. Let z be r(-5). Suppose s = 3*y - 0*s - 193, 3*y - z = 3*s. What is the greatest common divisor of l and y?
7
Let o be (5 - 6)*(-1 - -1). Suppose -2*v - 2*v + 68 = o. Calculate the highest common divisor of v and 85.
17
Let n(z) be the second derivative of -z**3/6 + 19*z**2/2 - z. Let s = -541 + 547. Let x be n(s). Calculate the greatest common divisor of 117 and x.
13
Suppose -11 = 4*y + 29. Let j = y + 17. Suppose 2*t + 10*p = 5*p + 58, 0 = -5*t - 7*p + 112. Calculate the greatest common divisor of j and t.
7
Let c(j) = j + 3. Let b be c(8). Let z = 1 + 4. Suppose -4*v + z = -b. What is the highest common factor of 16 and v?
4
Suppose 360 = 17*c - 3*j, -4*c + 13 = -4*j - 75. Suppose -12 = 2*x - 82. What is the greatest common divisor of x and c?
7
Let w(t) = -t**3 + 2*t**2 + 2*t + 11. Suppose 3*u = 4*j - 15, -4*u - 20 = 2*j + 3*j. Let n be w(j). What is the highest common divisor of 33 and n?
11
Let w be (-6)/(-8)*118*2/3. Suppose q + w = 4*y, -q + 20 = -2*y + 49. What is the highest common divisor of 3 and y?
3
Suppose 4 = 4*u - 0*u. Let y(x) = -2 + u - 1 - 10*x. Let o be y(-3). Calculate the greatest common divisor of o and 140.
28
Let p(r) = r**2 - 6*r - 37. Let i be p(10). Suppose 0 = 4*u - 5*f - 85, 4*f - 36 = -i*u + u. What is the greatest common factor of u and 160?
20
Let l(k) = 5*k + 7. Let a be l(7). What is the highest common divisor of a and 224?
14
Let b(i) = i + 3. Suppose 6 = 7*r - 15. Let n be b(r). What is the greatest common divisor of n and 6?
6
Suppose -2*h + 285 = 2*h + 5*t, -4*h + 275 = -5*t. Calculate the greatest common divisor of h and 56.
14
Let s = 1 + -3. Let j(f) = -79*f + 79*f + 8*f**2. Let h be j(s). Calculate the greatest common factor of h and 8.
8
Let x be (3/(-2))/((-3)/(-6)) + 15. What is the greatest common factor of x and 210?
6
Suppose 4 + 9 = a. Suppose 7*o - 127 - a = 0. Calculate the greatest common factor of 160 and o.
20
Suppose -3*g = 3*v + v - 49, -2*g + 28 = -2*v. Let s be (-45)/(-3)*3*1. Calculate the greatest common factor of s and g.
15
Let a(b) = -b**2 - 4*b + 5. Let t be a(-5). Suppose -3*d + 66 + 39 = t. Let m = d + 10. Calculate the highest common factor of 15 and m.
15
Suppose 4*m = m. Suppose m = k + 4*k - 320. Let y = 143 + -135. Calculate the highest common factor of y and k.
8
Suppose o - 125 = -4*d + 2*o, -5*d + 140 = 2*o. Suppose 21*s = -12*s + 330. Calculate the greatest common factor of s and d.
10
Let o be (-3)/1 - (-34)/2. Suppose 2*p + 8 = s, -5*s + s = p - o. What is the greatest common factor of s and 2?
2
Let o = 281 + -280. Calculate the greatest common divisor of 43 and o.
1
Let m = 35 + -16. Let j be (-16)/(-4)*-1 + -45. Let c = j - -87. Calculate the greatest common factor of m and c.
19
Suppose 8*j - 30 = 3*j. Let b = -4 + j. Let c(z) = -9*z**3 - 3*z - 2. Let q be c(-1). Calculate the highest common divisor of b and q.
2
Let r be (-18)/24 - (-222)/8. Let n = 15 + r. What is the highest common divisor of 6 and n?
6
Suppose 25*u + 3009 - 9309 = 0. What is the highest common divisor of 308 and u?
28
Let x(w) = -4*w + 6. Let b(z) = -2*z + 3. Let j(s) = 5*b(s) - 3*x(s). Let y be j(6). What is the greatest common factor of 9 and y?
9
Let q(v) = -5*v**3 - 5*v**2 - v + 3. Suppose 12 = -8*h + 4*h. Let k be q(h). Let o = 30 + -18. Calculate the greatest common factor of o and k.
12
Suppose 46 - 55 = -3*f. Suppose f*h = -i - 4*i + 295, -51 = -i + h. What is the greatest common factor of i and 14?
14
Let b(g) = g**2 - 9*g + 10. Let w be b(8). Let c(s) = -s**3 - 50*s + 3 + s**2 + 54*s - w*s**2. Let x be c(-3). Calculate the highest common factor of x and 99.
9
Let i be (-40)/(-1) + (-5 + 12 - 8). What is the highest common divisor of i and 624?
39
Let j(z) = -4*z**3 + 4*z**2 + 5*z - 2. Let x be j(-4). Let g = -168 + x. Calculate the highest common factor of g and 20.
10
Suppose -4*v = -4, -259 = -5*h - 0*v + v. Let i = -3 + h. Let t be ((-60)/(-42))/(1/7) + -3. Calculate the greatest common divisor of t and i.
7
Let c be ((-3916)/(-55))/((-4)/(-40)). Calculate the greatest common factor of c and 8.
8
Let v = 5 - 11. Let z be 7/5 - v/(-15). Suppose 4*l + 18 = 4*x - 2, -3*x + 5 = 2*l. Calculate the highest common divisor of x and z.
1
Let h = -49 - -169. Suppose 4*s - 197 + 5 = 0. What is the greatest common divisor of s and h?
24
Suppose -4*n + 6*n - 8 = 0, 0 = -z + 5*n - 2. What is the greatest common divisor of z and 39?
3
Let h be (-124)/(-1302) - 17193/(-63). Calculate the highest common divisor of 1547 and h.
91
Let g(b) = b**2 + 2*b - 20. Let d be g(-9). Let k be (-68)/18 + 4 + d/9. What is the highest common factor of 2 and k?
1
Let y = 47 - 48. Let k be 1 + (-1 - -5) + y. What is the highest common factor of k and 28?
4
Let r be (11 + 32/(-3))*126. Calculate the greatest common factor of r and 21.
21
Suppose 2*i - 21840 = -26*i. Calculate the greatest common divisor of 78 and i.
78
Let k(j) = 2*j**3 + 4*j**2 - 5*j + 8. Let l be k(4). What is the highest common factor of 36 and l?
36
Suppose 0 = -7*v + 349 + 260. What is the greatest common factor of 3 and v?
3
Suppose -72*t = 9*t - 1782. Let v be (2/(-2))/(1/(-2)). Calculate the greatest common divisor of v and t.
2
Let v = 90 + -66. What is the highest common factor of v and 18?
6
Let w(z) = -z**3 - 15*z**2 - 16*z - 10. Let d be w(-14). Let g be 989/5 + 3/15. What is the highest common factor of g and d?
18
Let l(j) = -3*j. Let v be l(-5). Suppose 6 = 2*n, -n = a - 3*a - 323. Let g = a - -190. What is the highest common factor of g and v?
15
Let g = 257 - 238. Let r = 17 - -2. Calculate the greatest common divisor of r and g.
19
Let z(v) = 3*v**3 + 5*v - 8. Let s be z(4). Let y = -3 + 15. What is the greatest common factor of y and s?
12
Suppose 0 = 2*z + 5*x - 31, 0 = -3*z + z + 5*x + 41. Let c be (-1 + -1)*4*(-36)/32. Calculate the highest common factor of z and c.
9
Let a = -764 - -1138. Calculate the greatest common factor of 44 and a.
22
Suppose -3*n + 12 = 0, r - 4*r + 130 = n. Calculate the g